) + 2.
2, 3, 7
Suppose -16*q + 244043 + 77689 = 20*q. What are the prime factors of q?
3, 331
Suppose 3*t - 41*t + 474680 = 2*t. What are the prime factors of t?
11867
List the prime factors of (34 + 45491 - (-1 - -8))/2.
11, 2069
Let n = -42 - -50. Suppose -j + 9 = -4*j, -j = -y + n. Suppose -3*m + 4*m - 4*h - 5 = 0, 3*m + y*h = 15. What are the prime factors of m?
5
Suppose 5*j = -18*d + 14*d + 10374, d - 6230 = -3*j. What are the prime factors of j?
2, 1039
Let f(w) = -w**2 + 25*w - 27. Let k be (-1 + 4)*204/18. Suppose 35*o - k*o - 16 = 0. List the prime factors of f(o).
3, 13
Suppose 82*r = -2241 - 301. Let l = -24 + 46. Let q = l - r. What are the prime factors of q?
53
Let n = 18 - 2. Let z(b) be the third derivative of -b**5/60 + 3*b**4/4 - 10*b**3/3 + b**2 - 20*b. List the prime factors of z(n).
2, 3
Let j(g) = -4*g + 108. Let h be j(25). List the prime factors of (h/12)/(9/3159).
2, 3, 13
What are the prime factors of (6 - 6126/36)*-4*3/1?
2, 5, 197
Suppose 3*u - t = 66161, 5*u - 4*t - 73285 = 36981. List the prime factors of u.
2, 11027
Let w(q) = -5*q**2 - 14*q + 1 - 11 - 26*q**3 + 24 + 28*q**3. List the prime factors of w(6).
2, 7, 13
Let d = 16852 - 8463. What are the prime factors of d?
8389
Let p(v) = -2*v**2 + v. Let f(q) = 11*q**2 + 6*q + 11. Let c(w) = f(w) + 3*p(w). Let d = -14 - -9. What are the prime factors of c(d)?
7, 13
Let t(y) = -28*y - 28. Let a be t(-1). Suppose -4*b - m + 1770 = a, -4*m = 3*b - 1057 - 277. What are the prime factors of b?
2, 13, 17
Let g = 22811 + 13228. What are the prime factors of g?
3, 41, 293
What are the prime factors of 110425/75 + (-8)/(-12)?
3, 491
Let k = -107 + 200. Suppose -k = v - 288. Suppose 2*s - 35 = -t + 167, v = t - 5*s. List the prime factors of t.
2, 5
Let a = -852 + 1529. Suppose 2*s + 3*s = -4*n + a, -s = 4*n - 129. List the prime factors of s.
137
Let m(s) = -105*s + 5. Let b be m(-5). Suppose -5*q + b = -10*q. Let l = q + 215. What are the prime factors of l?
109
Suppose 112*u - 127*u = -366555. What are the prime factors of u?
7, 3491
Suppose -41*l = -45*l - 4. Let b(f) = 4*f**3 + f**2 + 2. Let p(z) = -z**2 - z. Let o(g) = l*b(g) + 2*p(g). List the prime factors of o(-2).
2, 11
Let s(k) = 83*k - 1402. What are the prime factors of s(44)?
2, 3, 5
Let r(d) = d**3 + 27*d**2 + 47*d + 41. Let z be r(-18). Let i = z - 745. List the prime factors of i.
2, 683
Let q(s) = 4*s - 14. Let l be q(4). Suppose -z - i = -6, i = 3*z - l*i - 30. Suppose -5*v = d + z - 117, 415 = 5*d - v. What are the prime factors of d?
2, 3, 7
Let u(y) = -3*y + 48. Let o be ((-90)/6 + -3)*2/(-3). Suppose 132 = -10*f + o. List the prime factors of u(f).
2, 3, 7
Let n(f) = -66*f - 456. Let p(h) = 5*h + 35. Let o(m) = 2*n(m) + 27*p(m). What are the prime factors of o(0)?
3, 11
Let q = 47 - 42. Suppose -q*i + 1200 = a, 0*i - i = a - 244. Suppose i = 3*o + 4*u, o + 2*u - 83 = -0*o. List the prime factors of o.
73
Let j(n) = -2*n + 62. Let b be j(30). Let l(r) = -2134 + 21*r + 2137 - r**3 - 7*r + 3*r**b. What are the prime factors of l(-6)?
3
Suppose 3*q = 5*u + 16, -2*q + 3 = -4*u - 9. Suppose -902 = -3*s - q*k, -4*s + 3*k + 1200 = 5*k. List the prime factors of s.
2, 149
Let g(d) = -6 + d + 0*d - 4 + 5*d - 7. List the prime factors of g(30).
163
Let x(b) = -3*b**3 + 197*b**2 + 125*b - 68. What are the prime factors of x(63)?
13, 17, 179
What are the prime factors of ((-2)/(-27))/((-4)/3) + 2360594/36?
2, 13, 97
Let n = -14 + 20. Let c be (-4)/n*-2*345. Suppose 156 = 8*u - c. What are the prime factors of u?
7, 11
Suppose -2*y = x + 114 + 13, x = 5*y + 335. Let b = 1235 - y. What are the prime factors of b?
1301
Let t(r) = -3*r - 7. Let s be t(-5). Suppose -13*i - 5969 = -13678. Suppose s*a - 311 = i. List the prime factors of a.
113
Let w = 29464 - 41470. What are the prime factors of (-8)/14 + w/(-63)?
2, 5, 19
Suppose -4*n = -3*p - 5704, -4*n + 7130 = n + p. Let h = n + -778. What are the prime factors of h?
2, 3
Let v = 56908 - 36999. List the prime factors of v.
43, 463
Suppose -2*g - 1230 = 2*j, 3*j + g + 1764 = -89. Let f = j + 1183. List the prime factors of f.
2, 3, 47
Suppose -31*l + 24*l + 38444 = -20132. What are the prime factors of l?
2, 523
List the prime factors of ((-3908)/10)/((-10)/1150) - (-427)/(-61).
5, 11, 19, 43
Let d = 3917 + 4725. Suppose 20707 = 27*l - d. List the prime factors of l.
1087
Let c = -265 - -133. Let n = 102 - c. What are the prime factors of n?
2, 3, 13
Suppose 5*r + 0*u - 4*u + 2 = 0, 5*r + 5 = 5*u. Suppose -r*x + l + 2 = -0, -4*x = -l - 2. Let c = x + 40. List the prime factors of c.
2, 5
Let q = -353 + 359. Suppose 0 = 4*l - 2*f - 1540, -q*l - 778 = -8*l + 5*f. List the prime factors of l.
2, 3
Let a(h) = -8*h - 24. Let t be a(-3). Suppose 6*b - 3140 + 362 = t. List the prime factors of b.
463
Let n = -41967 - -64352. What are the prime factors of n?
5, 11, 37
Let c = 7752 - 1940. What are the prime factors of c?
2, 1453
Suppose -3*m = 2*b - 10644, -4*b - 42*m = -37*m - 21284. List the prime factors of b.
2, 3, 443
Suppose -3*w + 12 = 3*m, -8*m + 26 = -w - 3*m. Let p be ((-9)/6 + 1)/(w/2). What are the prime factors of p*2 + 0 + 75 + 1?
2, 3, 13
Suppose 2*b = 5*y - 22 + 5, 3*y = -4*b + 31. Let l(a) = 59*a + 4. List the prime factors of l(b).
2, 3, 5
Suppose 183395 = -529*k + 572*k. What are the prime factors of k?
5, 853
Suppose 19*t = 21*t + 8, 2*j + 3*t = 7316. List the prime factors of j.
2, 229
Let a = 7593 - -20188. What are the prime factors of a?
13, 2137
Let h(s) = 12*s**2 + s - 126. Let b be h(-10). Suppose 28*x - 26*x = b. List the prime factors of x.
2, 7, 19
Let o = 40026 - 23974. List the prime factors of o.
2, 4013
Let w(b) = 2*b**2 + 108*b + 22847. List the prime factors of w(0).
11, 31, 67
Suppose 3*s - 7775 = 5*d, 3*s + 3*d = -d + 7793. Suppose 6*x + 483 = s. What are the prime factors of x?
2, 11
Suppose 3*m - 36 = t, 5*m - 67 = 3*t + t. Suppose -5342 = -m*x + 37. List the prime factors of x.
3, 163
What are the prime factors of (1/(-2))/((-6)/(-3984))*2337/(-19)?
2, 3, 41, 83
Suppose -s + 28 = 3*y + 3*s, 2*y - 28 = -5*s. Let j be 18/(-3)*((-39)/(-9) - y). Let v(p) = 54*p**2 - 1. List the prime factors of v(j).
5, 43
Let g(a) = -365*a**3 - 7*a**2 - 18*a - 57. List the prime factors of g(-3).
3, 13, 251
Let g(h) = h**2 - 24*h + 27. Let c be g(23). Let i be (-7)/((c/(-8))/1). Suppose -6*k + 392 - i = 0. List the prime factors of k.
3, 7
Let w(s) = 23*s - 27. Let a be w(2). Suppose -a*f + 15*f + 24 = 0. List the prime factors of f.
2, 3
Let h(f) = 2*f - 2 - f**2 + 4*f + 4*f. Let b be h(10). List the prime factors of 6852/36 - b/(-6).
2, 5, 19
Suppose 704 + 11 = q. What are the prime factors of q/78*(27 - -3)?
5, 11
Let r(p) = 6*p + 74*p**2 - 4*p - 3*p + 9*p**2 - 29*p**2. List the prime factors of r(5).
5, 269
Let s(l) = -l**3 + 4*l**2 - 83*l + 95. What are the prime factors of s(-25)?
3, 5, 11, 41
Let z(i) = -i**2 - 12*i + 3. Let f be z(-12). Suppose f*r + 446 = g - 190, r = 4*g - 223. Let s = -39 - r. List the prime factors of s.
2, 43
Suppose -42 = -3*w + 17*w. Let g(c) = 96*c**2 - 4*c - 9. What are the prime factors of g(w)?
3, 17
Let v be (-1)/((-46)/47 + 1). Let w be -2*(2 + 804/(-24)). Let z = w + v. What are the prime factors of z?
2
Let z(v) = -2*v**3 - 2*v**2 - 2*v. Let p be 63/(-54) - 2/(-12). Let r be z(p). List the prime factors of 29*r*25/50.
29
Suppose t + 5*c = 4*c + 7743, t = 5*c + 7737. List the prime factors of t.
2, 7, 79
Suppose 0 = 7*i + 64 + 363. Let q = 542 + i. List the prime factors of q.
13, 37
Suppose 7*c - 11*c + 13*c = 50247. What are the prime factors of c?
3, 1861
Suppose -3*y = 190 + 23. Let b be (-1806)/24 - (-9)/(-12). Let s = y - b. List the prime factors of s.
5
Let u be 5 - (11 - (-8 - -16)). Suppose -3*x - 7*t + u*t + 5061 = 0, 0 = 2*x + 3*t - 3373. What are the prime factors of x?
2, 29
Let o be ((-2)/(-1) - -4) + (-8 - -5). Suppose -v + 5*s = -101, o*v - 342 + 19 = -5*s. List the prime factors of v.
2, 53
Let o be 0*(9/6 + -2). Let h be (1 - 1)/(o - -1) - -221. Suppose -2*b - f + h = -0*f, 5*b - 554 = -4*f. List the prime factors of b.
2, 5, 11
Let l(h) = -11*h. Suppose -f - 4 = -2*z, -4*z = -0*f + 4*f - 8. Let s be l(z). Let d(b) = -b**3 - 21*b**2 + 19*b - 43. What are the prime factors of d(s)?
23
Let h = 